{"id":23,"date":"2021-08-10T19:14:28","date_gmt":"2021-08-10T19:14:28","guid":{"rendered":"http:\/\/2021.forzaitalia.pl\/?page_id=23"},"modified":"2021-08-10T19:14:28","modified_gmt":"2021-08-10T19:14:28","slug":"harmonogram","status":"publish","type":"page","link":"http:\/\/2021.forzaitalia.pl\/index.php\/harmonogram\/","title":{"rendered":"Harmonogram"},"content":{"rendered":"<p>Harmonogram mo\u017ce jeszcze ulec zmianie \ud83d\ude42<\/p>\n<p><strong>18 wrze\u015bnia \u2013 sobota<\/strong><\/p>\n<p>08:00 \u2013 otwarcie biura zlotu<\/p>\n<p>08:00 \u2013 11:00 \u2013 rejestracja za\u0142\u00f3g<\/p>\n<p>10:00 \u2013 oficjalne otwarcie zlotu<\/p>\n<p>11:00 \u2013\u00a0zamkni\u0119cie\u00a0biura zlotu (odprawa po tej godzinie te\u017c b\u0119dzie mo\u017cliwa, ale trzeba b\u0119dzie zlokalizowa\u0107 organizatora, b\u0119dziemy widoczni \ud83d\ude42 )<\/p>\n<p>10:30 \u2013 odprawa do rajdu turystycznego<\/p>\n<p>11:00 \u2013 start rajdu turystycznego<\/p>\n<p>13:00 \u2013 powr\u00f3t pierwszej za\u0142ogi<\/p>\n<p>14:00 \u2013 zamkni\u0119cie\u00a0mety rajdu<\/p>\n<p>13:00 \u2013 16:00 \u2013 blok merytoryczny, wyk\u0142ady, pokazy<\/p>\n<p>16:00 &#8211; 16:30 &#8211; konkursy wiedzy<\/p>\n<p>16:30 \u2013 18:00 \u2013 \u00a0konkurs elegancji<\/p>\n<p>18:00 \u2013 19:00 \u2013 rozdanie nagr\u00f3d, zamkni\u0119cie zlotu<\/p>\n<p>20:00 \u2013 uroczysta kolacja dla zapisanych go\u015bci<\/p>\n<!--themify_builder_content-->\n<div id=\"themify_builder_content-23\" data-postid=\"23\" class=\"themify_builder_content themify_builder_content-23 themify_builder tf_clear\">\n    <\/div>\n<!--\/themify_builder_content-->\n","protected":false},"excerpt":{"rendered":"<p>Harmonogram mo\u017ce jeszcze ulec zmianie \ud83d\ude42 18 wrze\u015bnia \u2013 sobota 08:00 \u2013 otwarcie biura zlotu 08:00 \u2013 11:00 \u2013 rejestracja za\u0142\u00f3g 10:00 \u2013 oficjalne otwarcie zlotu 11:00 \u2013\u00a0zamkni\u0119cie\u00a0biura zlotu (odprawa po tej godzinie te\u017c b\u0119dzie mo\u017cliwa, ale trzeba b\u0119dzie zlokalizowa\u0107 organizatora, b\u0119dziemy widoczni \ud83d\ude42 ) 10:30 \u2013 odprawa do rajdu turystycznego 11:00 \u2013 start rajdu [&hellip;]<\/p>\n","protected":false},"author":1,"featured_media":0,"parent":0,"menu_order":0,"comment_status":"closed","ping_status":"closed","template":"","meta":{"footnotes":""},"class_list":["post-23","page","type-page","status-publish","hentry","has-post-title","has-post-date","has-post-category","has-post-tag","has-post-comment","has-post-author",""],"_links":{"self":[{"href":"http:\/\/2021.forzaitalia.pl\/index.php\/wp-json\/wp\/v2\/pages\/23","targetHints":{"allow":["GET"]}}],"collection":[{"href":"http:\/\/2021.forzaitalia.pl\/index.php\/wp-json\/wp\/v2\/pages"}],"about":[{"href":"http:\/\/2021.forzaitalia.pl\/index.php\/wp-json\/wp\/v2\/types\/page"}],"author":[{"embeddable":true,"href":"http:\/\/2021.forzaitalia.pl\/index.php\/wp-json\/wp\/v2\/users\/1"}],"replies":[{"embeddable":true,"href":"http:\/\/2021.forzaitalia.pl\/index.php\/wp-json\/wp\/v2\/comments?post=23"}],"version-history":[{"count":2,"href":"http:\/\/2021.forzaitalia.pl\/index.php\/wp-json\/wp\/v2\/pages\/23\/revisions"}],"predecessor-version":[{"id":25,"href":"http:\/\/2021.forzaitalia.pl\/index.php\/wp-json\/wp\/v2\/pages\/23\/revisions\/25"}],"wp:attachment":[{"href":"http:\/\/2021.forzaitalia.pl\/index.php\/wp-json\/wp\/v2\/media?parent=23"}],"curies":[{"name":"wp","href":"https:\/\/api.w.org\/{rel}","templated":true}]}}

<p>Harmonogram może jeszcze ulec zmianie 🙂</p>
<p><strong>18 września – sobota</strong></p>
<p>08:00 – otwarcie biura zlotu</p>
<p>08:00 – 11:00 – rejestracja załóg</p>
<p>10:00 – oficjalne otwarcie zlotu</p>
<p>11:00 – zamknięcie biura zlotu (odprawa po tej godzinie też będzie możliwa, ale trzeba będzie zlokalizować organizatora, będziemy widoczni 🙂 )</p>
<p>10:30 – odprawa do rajdu turystycznego</p>
<p>11:00 – start rajdu turystycznego</p>
<p>13:00 – powrót pierwszej załogi</p>
<p>14:00 – zamknięcie mety rajdu</p>
<p>13:00 – 16:00 – blok merytoryczny, wykłady, pokazy</p>
<p>16:00 &#8211; 16:30 &#8211; konkursy wiedzy</p>
<p>16:30 – 18:00 –  konkurs elegancji</p>
<p>18:00 – 19:00 – rozdanie nagród, zamknięcie zlotu</p>
<p>20:00 – uroczysta kolacja dla zapisanych gości</p>
<!--themify_builder_content-->
<div id="themify_builder_content-23" data-postid="23" class="themify_builder_content themify_builder_content-23 themify_builder tf_clear">
    </div>
<!--/themify_builder_content-->

<p>Harmonogram może jeszcze ulec zmianie 🙂 18 września – sobota 08:00 – otwarcie biura zlotu 08:00 – 11:00 – rejestracja załóg 10:00 – oficjalne otwarcie zlotu 11:00 – zamknięcie biura zlotu (odprawa po tej godzinie też będzie możliwa, ale trzeba będzie zlokalizować organizatora, będziemy widoczni 🙂 ) 10:30 – odprawa do rajdu turystycznego 11:00 – start rajdu [&hellip;]</p>
